Is g a composite number?
True
Let z(d) = d - 301*d - 560*d - 136*d - 31 - 34. Is z(-6) prime?
False
Let r(h) = -3*h + 29. Let x be r(8). Let m(y) = 50*y**3 - 13*y**2 + 2*y + 18. Is m(x) composite?
False
Let o(r) be the second derivative of -47*r**5/20 + r**4/6 + 11*r**3/6 - 13*r**2/2 - 187*r. Is o(-4) composite?
True
Let i(c) = -3*c**2 - 27*c - 20. Let r be i(47). Let n = r + 33343. Is n composite?
True
Let x = 30567 + 32920. Is x a prime number?
True
Suppose 0 = 3*m - a - 15, -14 = -5*m + a - 3*a. Suppose 2*s - 968 = -2*c, -5*c + 2421 = -0*c + m*s. Is c composite?
True
Let r(c) = 14*c**2 - 15*c - 31. Suppose 66 = -6*n - 5*n. Is r(n) prime?
True
Let c be (5 - 47095/35) + (-6)/14. Let v = c + 2999. Is v a prime number?
False
Suppose -107*b - 1710182 = -18916531. Is b composite?
False
Suppose 39 = 4*k - 8*k - 5*h, -h = 4*k + 43. Is k*71*57/(-57) prime?
False
Let j be -1*8/(-44) + (-282)/(-22). Suppose -j*x + 413874 = 5*x. Is x a prime number?
True
Let g(p) = -13*p**3 - 9*p**2 - 7*p + 11. Let v be g(-5). Suppose 3*r = 7*i - 4*i - v, r + 1 = 0. Is i a composite number?
True
Let g(j) be the second derivative of 3*j**4 - 19*j**3/6 + 6*j**2 - 15*j. Is g(-7) prime?
False
Let s be (-40)/8 - 6 - 36. Let y = 31 + 51. Let q = s + y. Is q a composite number?
True
Let y be (-2 + 1)/2*138/(-23). Is (y - -3706)/(6 + -5) composite?
False
Is (30840/(-480))/(1/(-164)) composite?
True
Let u = -133 - -169. Suppose -u = 124*n - 128*n. Suppose 0 = 15*g - n*g - 1524. Is g prime?
False
Is 7/((-860)/300 - -3 - (-212507)/(-1593915)) a prime number?
False
Suppose 3*y - 4*q = 2618785, 0 = -94*q + 95*q + 4. Is y a prime number?
True
Suppose -11*o + 7*o - 2*r + 589458 = 0, 3*o + r - 442096 = 0. Is o composite?
True
Suppose 0 = 4*y + 4*q - 1913248, -59*y = -57*y - 4*q - 956678. Is y composite?
False
Let h be 1*(-3 + 6)*(-182)/(-39). Is (-2)/h + 6516/42 a composite number?
True
Let s = 67472 - 5559. Is s composite?
True
Let z be -13*(12/(-16))/(12/(-7152)). Suppose 4*p = f + 5*p - 8237, 0 = 5*f + 2*p - 41194. Let j = f + z. Is j a composite number?
True
Suppose -214*l = -212*l - 10. Suppose -l*i - i = -16626. Is i a prime number?
False
Let f = -63452 + 101883. Is f a prime number?
True
Let l(u) = 30 - 170*u + 277*u - 174*u. Is l(-11) prime?
False
Suppose 3*d + 3*i = 21, 5*i + 2 = 5*d - 43. Suppose -4*s - 16 = -d. Is 1 - (-314 - (s - -4)) a prime number?
True
Let b be (-25)/(-3 - 2) + 23*-1. Is 40/b - (-36)/162 - -4873 a composite number?
False
Suppose 0 = 8*k - 25*k + 3128. Suppose -2*d + g = 3*g + 182, 0 = -2*d + 5*g - 154. Let q = k + d. Is q prime?
True
Suppose -27041866 = -112*h + 154*h - 76*h. Is h a composite number?
False
Suppose 4981 = -9*q + 3*q + 7147. Is q composite?
True
Let x(q) = -49845*q + 1141. Is x(-4) a composite number?
True
Let r be (4/6)/(5/284235). Suppose 173 + 19 = 32*d. Suppose 8*p = -d*p + r. Is p a prime number?
True
Let f(h) = 407*h**2 - 149*h - 59. Is f(-24) composite?
True
Suppose 2*w - 19558 - 54428 = -4*r, 2 = -r. Is w a prime number?
True
Suppose y + 10 = -2*m, 2 = y + 5*m - 6*m. Let g(f) = 13*f**2 - f + 1. Is g(y) prime?
False
Suppose -4*q - 150644 = -4*l - 47968, 5*q = 2*l - 51356. Is l a prime number?
False
Suppose 2460118 - 820218 = 42*t - 3274058. Is t prime?
False
Let o = 8570 - 19968. Let s = 59021 + o. Is s a composite number?
False
Let t be (4 + -73)/(9/(-6)). Let v = 26 - t. Is v/(-190) - (-9593)/19 a prime number?
False
Suppose p - 28 = -29. Is -1 - -3 - p*(15944 - 3) prime?
False
Let f(a) = -654*a - 751. Is f(-51) a composite number?
False
Let b be ((-6)/(-2) - -1) + 40/(-10). Suppose -6*r + 15452 + 24370 = b. Is r a composite number?
False
Suppose 12 + 8 = 5*t, n - 606661 = 3*t. Is n composite?
False
Let o = 153409 + -101732. Is o prime?
False
Let k(v) = 13*v**2 + 28*v + 21. Let z = -334 - -324. Is k(z) a composite number?
True
Is (-12)/((-72)/809205)*(-1 + 3) + 6 a prime number?
True
Let d be (-4)/(-3)*(-4 + -38). Let i = d - -59. Suppose -q - 4380 = -i*z, -3*z + 1933 = -3*q - 2453. Is z a prime number?
True
Let u(j) = 35*j - 245. Let v be u(7). Suppose 6*r - 10126 - 14540 = v. Is r a composite number?
False
Let s be (-1967)/(-21) + 2/6. Let a = -148 + 199. Suppose -a = -p + s. Is p prime?
False
Let t be (-3 - 39/(-15))*-5. Suppose -t*p = 5*a + 3929 - 19849, -7969 = -p + 2*a. Is p/21 + 4/(-14) a prime number?
True
Is (270042 + 0)*(-22 + (-1675)/(-75)) composite?
True
Suppose -6*c + 21 - 9 = 0. Suppose -c*a = 252 + 38. Let g = 438 + a. Is g composite?
False
Suppose 2*h - 26*l = -24*l + 117712, -3*l = 4*h - 235459. Is h composite?
True
Suppose 0 = 25*h - 503264 + 176589. Let p = h - -11736. Is p a prime number?
False
Let t be 1/(3/11*6/18). Suppose 11640 = -4*d - t*d. Is (2/8 - 1)/(2/d) composite?
True
Suppose 5*a + 38 = 2*l + 37, 3 = -4*l + 5*a. Let f(k) = 3*k - 1 + 78*k**2 + 2*k - 5*k + 2*k. Is f(l) a composite number?
False
Suppose 369*m - 4735262 = 271*m. Is m a composite number?
True
Let c = 95878 + -14971. Suppose 0 = -16*s + c + 23845. Is s a composite number?
False
Is 86/(-129) + 255777/9 composite?
True
Let o be 26831*(1 + 0) + 121 + -124. Suppose -o = -8*w + 5124. Is w prime?
False
Suppose -5*w + 809 = 4*c, 0*c - 4*w - 176 = -c. Let g = c - -505. Is g prime?
True
Is -32478*(-70)/84 - 3*2 composite?
False
Let q(r) = r**3 - 15*r**2 + 56*r - 239. Let d be q(18). Let j be 1118/5*5*1. Let o = d - j. Is o composite?
True
Let m(t) = -5*t**2 + 6*t + 5. Let r(x) = x**2 + x. Let p be 1/(1/(-12) + 4/12). Let b(u) = p*r(u) - m(u). Is b(6) prime?
True
Suppose 5*j - 3*r = 23, -2*r - 3 - 3 = -j. Let f(l) = j + 1 - 4 + 32*l**2 + l + 1. Is f(3) a prime number?
True
Let b(d) = 5991*d**2 + 31*d - 35. Is b(6) a composite number?
False
Suppose 7*h - 4*w = 10*h - 15974, -2*h - 3*w = -10649. Let o = 10235 - h. Is o prime?
True
Is (-192)/(-1632) - (-102921596)/68 prime?
True
Let k(a) = -2*a + 3. Let p(z) = 5896*z - 2. Let m(u) = -k(u) - p(u). Is m(-1) a prime number?
False
Suppose 7*n - 2274 = n. Is n a prime number?
True
Suppose 1166007 - 147450 = 112*s - 1465715. Is s composite?
True
Let z = 33 + -71. Let c = z - -32. Is 2254/4 - c/(-12) composite?
False
Suppose -3*p + 137*m - 136*m = -1069994, 5*p + m - 1783310 = 0. Is p composite?
False
Suppose -3*t + 50761 = -4*l + 3051573, -3*l - t + 2250609 = 0. Is l composite?
False
Let m = 9985 + 70428. Is m a prime number?
False
Let b be (-1*692)/((-1)/32) + 0. Suppose 4*i + 52319 = 5*d - b, -i - 14893 = -d. Is d composite?
False
Let p be -1 - 5/(-15)*3. Suppose 3*d - 6 + 0 = p. Suppose 165 = -d*x + 1135. Is x a prime number?
False
Let k(l) = 15*l**2 + 141*l + 47. Let c be k(-21). Suppose -c + 888 = -b. Is b a composite number?
True
Let f(m) = -9776*m - 2193. Is f(-49) a prime number?
True
Let m be 13 + -10 + -5 - 3*-1. Let n(b) = 16218*b**3 - 3*b**2 + 8*b - 6. Is n(m) a prime number?
True
Suppose -992 = g - 2*i, 0 = -4*g + 2*i - 191 - 3765. Let f = g - -2335. Is f prime?
False
Let s(w) = -w + 9. Let z be s(-7). Let j = z + -10. Is ((-314)/j)/((-12)/108) composite?
True
Suppose 2*o - 10 + 2 = 0, 0 = -3*c + 5*o + 529. Let k = c - 90. Let z = k + -36. Is z a composite number?
True
Suppose -13286694 = -98*v + 20*v + 39182268. Is v prime?
False
Let r(z) = 6*z**2 - 524*z - 1263. Is r(-125) a composite number?
True
Let c = 238 - 243. Let q(d) = -1045*d - 78. Is q(c) composite?
False
Let m = 19 + -17. Suppose 5 = -2*k - r, -m*r + r + 3 = 0. Is ((-4322)/k)/((-2)/(-4)) a prime number?
True
Let n(w) be the first derivative of 4*w**3 + 7*w**2/2 + 11*w - 48. Is n(20) a composite number?
False
Let p(s) = 321 - 174 + 25*s**2 - 4*s**3 + 23*s - 160. Is p(-11) composite?
True
Let b(r) = -4*r + 1. Let d(m) = -1487*m - 90. Let z(l) = -6*b(l) + d(l). Is z(-13) composite?
True
Suppose 0 = -5*l + 4*k + 27 + 19, 0 = -5*k - 20. Is 7634 + l + 1/(2/(-2)) a prime number?
True
Let q = 2305429 + -1414236. Is q a prime number?
False
Let i = 21 - 22. Let l be 2 - (2 - (-4)/i). Is 517 + (0 + l - 6) composite?
True
Let v = -932 - -1399. Suppose 0 = -102*f + 75*f + 13365. Suppose -3*u = -x + v, u = x + 5*u - f. Is x composite?
False
Suppose 7*u + 5 = 5. Suppose u = -5*x + 3*x - 3*x. Suppose -4*l + 214 = 3*y, -2*l = -x*l + 5*y - 100. Is l composite?
True
Let b be 2/(-9) + 17514/81 + -2. Let q = b - -3619. Is q composite?
False
Supp